*2 - 1. Let p be d(-1). Suppose 4*k - p = 19. Suppose k*t = 5*t. Let i(v) = -v**2 - 2. What is i(t)?
-2
Let g(a) be the second derivative of -2*a**3/3 - 21*a**2 + 555*a. Determine g(-10).
-2
Let g = -2 + 4. Let s be g/1*4/(-4). Let d(f) = f**3 - 2*f**2 - 6*f - 3. Let c(w) = w**3 - w**2 - 5*w - 2. Let n(v) = -4*c(v) + 3*d(v). Calculate n(s).
-5
Let g be -1 + 80/50 + 4/10. Let i(w) be the first derivative of -2*w - w**2 + 1/3*w**3 + g. What is i(5)?
13
Let i(c) = -c. Let z be i(0). Let s = 20 + -16. Let g(j) = -j - 5 - 2*j + s*j + 12. What is g(z)?
7
Let g(w) be the third derivative of -w**4/24 + w**3/6 - w**2. Let s be ((-50)/30)/((-2)/24). Suppose 5*r + s = b, 0*b - r = -4*b + 4. What is g(b)?
1
Let r(q) = q**3 - q**2 + 2*q + 3. Let s be r(0). Suppose -2*b = -3*d + 6, 3*d + 9 = -0*d - s*b. Let g(v) = -v**2 + 3. Calculate g(d).
3
Let m be (-22)/(-33)*(-3)/2. Let k be (-2 - (-4 - -4))/m. Let x(c) = c**3 + 2*c**2 + 2. Calculate x(k).
18
Let a(u) be the third derivative of 0 + 0*u**4 + 1/6*u**3 - 2*u**2 + 0*u + 1/60*u**5. Let g(k) = 7*k**2 + 7. Let x(b) = -6*a(b) + g(b). Give x(-2).
5
Let i(f) be the first derivative of -f**4/4 - 7*f**3/3 - 3*f**2 + 7*f - 228. What is i(-5)?
-13
Suppose 10 = -5*q + 2*x, 4*x - 4 = -q - 6. Let c(y) be the third derivative of 0*y - 1/6*y**3 + 0 + y**2 + 1/24*y**4. What is c(q)?
-3
Let h(n) = n**3 - 6*n**2 + 6*n + 2. Let a be h(5). Let k(i) = 18*i + 21*i**3 - 22*i**3 + 7*i**2 - 8 + i**2 - 17*i - i**2. Determine k(a).
-1
Suppose 3*l + 0*l = -4*i + 31, 0 = 3*i + 5*l - 37. Suppose -21*q = -20*q - i. Suppose q*b - d + 8 = 0, d - 4*d = 12. Let s(t) = t**2 + 7*t + 2. Calculate s(b).
-10
Let v(q) = 2*q - 3. Let j(f) = -5*f - 9. Let g(u) = j(u) + 3*v(u). Determine g(-14).
-32
Let s be -1 + -2 + 6 - 1. Let c(h) = h - s*h**2 + 1 - 4*h - 2. Determine c(-3).
-10
Let z(k) be the third derivative of 1/12*k**4 - 3/2*k**3 - 12*k**2 + 0 + 0*k. Calculate z(6).
3
Suppose -6*r = 2*r + 56. Let m(b) = -b - 1. Determine m(r).
6
Let o be 0 + -1 + (-176)/(-16). Let v(i) = i**2 - 11*i + 2. Calculate v(o).
-8
Suppose -3*z = -v + 3*v + 112, 2*z - 256 = 4*v. Let u = 66 + v. Let n(d) = -3*d - 1. Calculate n(u).
-13
Let j(s) = -s + 14. Let u(v) = -1 - 2 + 2. Let a(c) = j(c) + 6*u(c). Let b be 7 - (16/10 + (-6)/10). Determine a(b).
2
Let f(u) = 94*u - 655. Let a be f(7). Let t(w) = w. Let g(s) = s + 1. Let z(d) = -g(d) + 3*t(d). Give z(a).
5
Let h(t) = -2*t**2 - 4*t + 68. Let a be h(5). Let c(s) = -6*s**2 - s + 2. What is c(a)?
-20
Let h(d) = 2*d**3 - 3*d - 1. Let f be 5/1 + 2 - 9. What is h(f)?
-11
Let m(g) = -g**2 - 11*g + 16. Let f = 39 + -51. Calculate m(f).
4
Let u(d) = 4*d + 7. Let c(l) = 11*l + 20. Let z(t) = -6*c(t) + 17*u(t). Let b be (-5 - -1)*2/4. Give z(b).
-5
Let j be ((-3)/(-6))/((-2)/24). Let u(f) = 11*f**3 + 8*f**2 - 6*f - 1. Let k(t) = 11*t**3 + 9*t**2 - 7*t - 1. Let a(w) = j*k(w) + 7*u(w). Give a(-1).
-10
Let z = 284 - 294. Let a(i) = 1 + i**3 - i**2 + 8*i**2 + 2*i**2 - 9*i. Give a(z).
-9
Let h(v) = v**2 - 7*v - 2. Let b(i) = i + 9. Let k be b(-7). Suppose 4*q - 10 = k*q. Suppose -q*l + 2*l + 18 = 0. Determine h(l).
-8
Let r(h) = -h**2 - 2*h - 3. Let j(u) be the second derivative of -u**4/6 - 2*u**3/3 + 2*u**2 - 9*u. Let d be j(-3). What is r(d)?
-3
Let u(o) = -o**2 + 3*o + 5. Let c be -3 + 3772/(-28) - (-2)/(-7). Let m = -140 - c. Give u(m).
-5
Let s(a) = a**3 - 13*a**2 - a + 15. Let w be s(13). Let h(l) = 7 - 3*l**3 - 6*l**w - 8*l**3 - 4*l + 10*l**3. Give h(-5).
2
Let s(f) = -6 - 6*f**2 - f**3 + 2352*f - 5 - 2359*f. Determine s(-5).
-1
Suppose 4*u = 5*v - 45, u + 2*u = -3*v. Suppose -4*y - 7 = v. Let z(m) = 2*m**2 + 3*m + 3. Determine z(y).
12
Let h(w) = -3*w**2 - 15*w - 5. Let o(v) = v**2 + v + 1. Let m(c) = -5*c**2 - c - 4. Let x(n) = m(n) + 6*o(n). Let p(k) = -3*h(k) - 8*x(k). Determine p(-3).
-7
Let b = 15 + -19. Let o(r) = 2*r + 1. Give o(b).
-7
Suppose 1 - 38 = -4*s - 3*a, -2*a = 2*s - 20. Let b(p) = -p**3 + 6*p**2 + 9*p - 9. What is b(s)?
5
Let p(s) = -654 + 0*s + 4*s + 641. Calculate p(3).
-1
Let d(c) be the third derivative of 1/120*c**6 - 36*c**2 - c**3 - 1/6*c**4 + 0*c - 1/10*c**5 + 0. Give d(6).
-30
Let q = -20 + 29. Let u(z) = z**2 - 9*z. Let c be u(q). Let w(s) = -s**3 - s**2 + s - 1. Calculate w(c).
-1
Suppose 3*o + 6*a - 5 = 5*a, 29 = 3*o - 5*a. Let u(r) = r**3 - 5*r**2 + 2*r + 4. Give u(o).
-8
Let h(l) = 12*l - 14. Let f(v) = -4*v + 5. Let a(r) = 17*f(r) + 6*h(r). Suppose -12 = 5*q + 4*y, q = 5*y + 368 - 382. Give a(q).
-15
Let a(s) = 4*s**2 + 7*s + 4. Let z be ((-75)/6)/5*8/5. What is a(z)?
40
Let j(y) = 22*y. Let g(m) = -6*m**2 - 38*m - 10. Let o be g(-6). Determine j(o).
44
Let x(b) = b**3 + b**2 - b - 21. Let v = -192 - -192. Determine x(v).
-21
Let j(a) = a**3 + 2*a**2 - 13. Let v = -1706 + 1706. Calculate j(v).
-13
Let x(t) = 10 - 2*t**2 + 0*t - 3*t + 5*t - t**3 - 6. Suppose -5*p = 3*l + 3, -l - 19 = -5*l + p. Let c be (0 - 1) + (l - 6). Calculate x(c).
7
Let k(p) = p**3 + 7*p**2 + 7*p + 8. Let y be k(-6). Suppose 0 = y*b + 2*j + 2*j + 8, -4*b - 3*j - 6 = 0. Let i(w) = w**3 + w**2 + 13. Determine i(b).
13
Let p(z) be the first derivative of 3*z**4/4 - z**2/2 + 13. Let h(w) = -w + 4. Let n be h(8). Let d = n + 3. What is p(d)?
-2
Let c(m) be the second derivative of 0 + 1/12*m**4 + m + m**2 - 1/2*m**3 + 1/20*m**5. Suppose -1053*w = -1068*w - 45. What is c(w)?
-7
Let s(c) = -c**2 - 12*c - 16. Let y(p) = p**2 + 10*p + 16. Let j(o) = 5*s(o) + 6*y(o). Suppose 2*f - 5*f = 0. Give j(f).
16
Let a(f) = -3*f - 6*f**2 - 4*f**3 + 5*f**3 - 3*f. Let x(z) = z**2 + 15*z + 21. Suppose 0 = -5*n, -5*o + 2*n + 2*n - 70 = 0. Let r be x(o). Give a(r).
7
Let t(c) = 9*c + 13. Let f be t(-4). Let x = 25 + f. Let p(j) = -j**3 + j**2 + 3*j - 2. Give p(x).
0
Let d(o) = -o**3 + 8*o**2 - 2*o - 8. Let t(y) = y + 1. Let f(c) = -d(c) - 2*t(c). Let a be f(8). Let i(u) = u**3 - 5*u**2 - 4*u - 4. Determine i(a).
8
Let x(k) = 19*k - 225 - 16*k + 226. Let h(a) = -2*a**3 - 2*a**2 + 3*a + 2. Let r be h(-2). Let c be 1/((r/2)/(-2)). Determine x(c).
-2
Let u = 742 + -761. Let v(r) = -r - 12. Determine v(u).
7
Let d(w) = -4*w**2 - 11*w + 31. Let i(b) = b**2 - 2. Let t(u) = d(u) + 3*i(u). Calculate t(-13).
-1
Let h(y) = y**2 - 2. Let m(d) = d**3 + 2*d**2 + 0*d + 3*d**2 + 6 - 6*d + d. Let v be m(-6). Suppose -5*o + 12 = -o + 5*q, v = -4*o + q - 12. Give h(o).
2
Let y(x) = 5*x**2 - x. Suppose -7 = -2*u - 5*j + 7, 3*j - 24 = 4*u. Let h be (u/2)/((-3)/4). What is y(h)?
18
Let g(n) = 5*n + 36. Let o be g(-7). Let h(i) = i**2 + i + 1. Let j(c) = c**3 + c**2 - 2*c - 3. Let z(x) = o*j(x) + h(x). What is z(-2)?
0
Let z be (-1 - -2)*(-12)/4. Let p(l) be the first derivative of l**4/6 + l**3/2 - l**2 - 2*l - 1. Let g(c) be the first derivative of p(c). Determine g(z).
7
Let z(n) = n. Let x(d) = -103 + 55 + 45 - 7*d. Let p(y) = -x(y) - 6*z(y). Determine p(5).
8
Let u(i) = i**2 + 4*i - 8. Let w be u(-6). Let s(b) = -b**3 + 4*b**2 + 2. Let c be s(w). Let v(d) = -5 - c + 2*d + 1 + 0. Determine v(6).
6
Let k(o) = 17*o**2 + 2*o - 1. Suppose -9*z - 19 = -12*z - 4*a, -z = 5*a - 21. Calculate k(z).
18
Let q(r) = -r + 5. Suppose -30 = -3*c - 6. Calculate q(c).
-3
Let j(h) = 2 - 3 - 7*h + 4 + 3*h. Let i be (-14)/(-105) - (-176)/30. Let g(b) = 1. Let m(k) = i*g(k) - j(k). Determine m(-2).
-5
Let c(t) = t**2 - 5*t - 4. Suppose y - 13 = 4*n, 0 = -4*n - 5 - 7. Let q(k) = k + 1. Let j(o) = y*c(o) + 2*q(o). Calculate j(5).
8
Let f(j) = -136*j + 135*j - 8 + 0. Calculate f(-3).
-5
Suppose 0 = 43*p - 155 - 17. Let k(n) = -2 + n**2 - 4*n + 1 - 2. Determine k(p).
-3
Let s(f) = -6*f**2 - 10640*f + 10640*f. Let n(v) = -2*v + 29. Let l be n(14). Calculate s(l).
-6
Let y(k) = 5*k - 3. Suppose -4*b - 4*g = g - 13, 4*g = -4*b + 12. Determine y(b).
7
Let i(a) = a + 13. Let t be ((-111)/(-74))/(2/(-8)). Calculate i(t).
7
Let k(u) be the first derivative of -3*u**2/2 + 25*u - 570. Give k(10).
-5
Let z(c) = 30*c**2 - 44*c - 11. Let y(n) = -13*n**2 + 20*n + 6. Let b(x) = 7*y(x) + 3*z(x). What is b(8)?
9
Let f(u) be the second derivative of u**6/360 + u**5/120 + u**4/4 - u**3/6 + 2*u. Let h(d) be the second derivative of f(d). Let r = -50 + 50. Determine h(r).
6
Let v(a) = -2*a + 15. Let j(d) = 16*d + 3. Let l be j(-1). What is v(l)?
41
Let r(a) = -2*a**3 - a**2 - 5*a + 2*a - a + 3*a**3. L